e?
True
Suppose 21*r - 7152 = 22290. Is r composite?
True
Let z(o) = 29*o**2. Let v be z(2). Suppose -3*n + v = -n. Is n a prime number?
False
Is 14 - 12 - -53*9 prime?
True
Let x = -31 + 102. Let m be (-4)/8 + 1/2. Suppose m*c = c - x. Is c composite?
False
Let z(c) = -c + 851. Let y = -59 - -59. Is z(y) a composite number?
True
Suppose 30 = 3*z + g, -4*z + 3*g + 10 = -43. Suppose 10 = 4*b + 2*u, 5*b - 5 = 2*b + u. Let f = b + z. Is f a composite number?
False
Let s be 185/25 + (-2)/5. Suppose 1535 = -2*v + s*v. Is v a prime number?
True
Suppose 3*y - 4171 = 1370. Is y a prime number?
True
Suppose 4*p - 10 = 6. Suppose -p*w + 302 - 78 = 0. Suppose -4*z + 4*o = 2*o - 62, 4*z + 4*o = w. Is z prime?
False
Let w = 226 - 551. Let d = w + 842. Suppose -5 = c - 0*c, -3*y - 4*c = -d. Is y a composite number?
False
Let k be (-18)/(-4)*(-8)/(-12). Suppose h = -d + 2 - k, -3 = 5*d + 3*h. Suppose -v + 0*v + 445 = d. Is v prime?
False
Let b be (-1 + -2)/(-5 + 1564/314). Let m = b + 2382. Is m a prime number?
True
Let z = 7 + -10. Let w(a) = a**2 + 3*a - 2. Let d be w(z). Is 1/((-2)/452*d) prime?
True
Let u(l) be the first derivative of 2*l**2 + 3*l + 5/4*l**4 + 6 - 2/3*l**3. Is u(4) a composite number?
False
Let r be 147/9 + 2/(-6). Suppose -n - 16 = -27. Is 1395/n + r/88 a prime number?
True
Is 2/(-9) - (-170313)/351 a composite number?
True
Let a = 0 - 0. Let f(j) = -j - 15. Let y be f(-17). Suppose a = -h - 5*z + 201, -y*h + h + z = -213. Is h prime?
True
Suppose -s + 2 = -3*o, -s - 2*o + 2 = -5*s. Let q = -1 - s. Let a(z) = z**2 - z + 33. Is a(q) a prime number?
False
Suppose 0 = -4*z + 3*r + 4581, 4*z - z - 3439 = -r. Suppose -5*k + z = k. Is k a prime number?
True
Let j(p) = -11*p**2 - 4*p**3 - 7*p - p - 9 + 9*p. Is j(-5) a composite number?
False
Suppose 3*i + 0*i = 0. Suppose i = -w - 3, -r + 5*w - 2*w = -14. Suppose 4*c = r*c - 87. Is c composite?
True
Suppose -229*o = -254*o + 40925. Is o prime?
True
Suppose 2 = 2*n, 2*n - 4*n + 4 = 2*z. Let s(v) = -81*v**3 - 2*v**2 + 1. Let f(a) = a - 1. Let j(y) = -2*f(y) - s(y). Is j(z) composite?
True
Let v = 0 - -2. Suppose -472 = v*l - 4*l. Suppose -l = -3*r - r. Is r a prime number?
True
Let s = -2473 - 70. Let z = s + 3657. Let v = z - 615. Is v prime?
True
Let k = 561 - 831. Let n = k - -559. Is n a composite number?
True
Let v(x) = -x**3 + 5*x**2 - 4*x - 2. Suppose -4*j = -12, -j - 3*j = -3*b. Let k be v(b). Is (-2)/k*(-1 - -68) composite?
False
Suppose -7*r = -5*r. Let p be 2 - ((r - -1) + -63). Let q = 209 - p. Is q prime?
False
Is ((-33194)/(-35))/(8/60) composite?
True
Suppose -3*t = -278 - 475. Is t a prime number?
True
Let d(b) = -2*b + 2. Let q be d(1). Suppose -2*y - 9*y + 14223 = q. Is y a prime number?
False
Let z = -1073 - -2208. Suppose z = 4*o - 5*s - 2398, -3*s = -4*o + 3523. Is o a composite number?
False
Let l(j) = -j**3 + 4*j**2 + 4 - 24*j**2 + 7*j**2. Let o be l(-13). Suppose -o*a = -5*a + 86. Is a prime?
False
Let x(b) = -2*b - 1. Let k be x(-2). Let n be 33*(24/(-9) + k). Suppose -5*c + 4 = -n. Is c prime?
True
Let o(d) be the second derivative of 127*d**3/3 - 11*d**2/2 - 14*d. Is o(5) composite?
False
Suppose 2*u - 3*p = 25912, -36*p + 33*p - 64771 = -5*u. Is u a composite number?
False
Let i = -4 + 6. Suppose 1456 = 3*b + h, i*b = -3*h + 342 + 617. Is b a prime number?
True
Let x(o) = -409*o + 7. Let g be x(6). Let s = g + 4596. Is s a prime number?
False
Let h(x) = -14*x + 47. Let s(u) = 7*u - 23. Let w(k) = 6*h(k) + 13*s(k). Let m(p) = p**2 - 7*p + 17. Let r(f) = 3*m(f) + 4*w(f). Is r(-12) composite?
False
Is (-635)/(-3) - 2 - (-46)/(-69) a prime number?
False
Suppose 0*p - 5*y = -p - 7573, -y - 37839 = 5*p. Let g = -5377 - p. Is g a prime number?
False
Suppose 0*v + 2056 = -2*v. Let o = v + 1663. Is o a composite number?
True
Let w(a) = -214*a - 31. Let r be w(-9). Suppose -21*k = -16*k - r. Is k a composite number?
False
Suppose 0 = -4*d + 2*d - 176. Let b = d - -602. Is b prime?
False
Suppose 0 = 26*i - 14*i - 1080. Suppose 0 = 2*f - 219 - 109. Let m = f - i. Is m prime?
False
Suppose -862 = -c + p + 4550, 2*c - 3*p = 10823. Is c prime?
True
Let l(k) = -1857*k - 1. Let r be l(-1). Suppose -3*h + 6*h = w - r, -w + 1838 = 3*h. Is w a composite number?
False
Suppose -2*g - 3*z + 0*z = 2, 4*z + 12 = 2*g. Suppose -3*x = g*x - 20. Is (-1 + 801)/x - -1 prime?
False
Suppose -49980 = -4*k - 7912. Is k composite?
True
Let m = 15 - 9. Suppose -10 = -2*z + m. Suppose -3*l + z*l - 1075 = 0. Is l a prime number?
False
Let g = -185 - -132. Suppose -3*a - 2*a + 10 = 0. Is a*g*10/(-20) a composite number?
False
Let l = -57 + 62. Let x = 1 - 1. Suppose x = -2*w - l*b + 96, 155 = 3*w + 6*b - 4*b. Is w a composite number?
False
Let v = -1 + 10. Suppose -v*u = -4*u - 20. Suppose a = -u*a + 95. Is a a composite number?
False
Let w = 30 - 21. Suppose -3*k - 9 = 0, -3*j - w = -2*k - 27. Suppose j*u - 4*o - 420 = 0, -452 = -4*u - o - 12. Is u composite?
False
Let t = 699 + -194. Let m be ((-4)/(-5))/((-6)/(-1305)). Let d = t + m. Is d prime?
False
Suppose 9*p = 3*p - 210. Is (-14)/p + 3343/5 a composite number?
True
Let q = 4799 - 3042. Is q a composite number?
True
Let q(n) = 5 - 6 - 2 - 2 + n. Let z be q(8). Suppose 6*s = z*s + 1257. Is s composite?
False
Suppose 0*m + 5*f = -m + 4010, -3*m + 3*f = -11958. Suppose -b + m = 874. Suppose 5*j = j + b. Is j composite?
True
Let c = -27 + 420. Is c prime?
False
Suppose -x - 24 = -24. Suppose 11*a - 22*a + 43747 = x. Is a prime?
False
Let r be (12/(-36))/(2/(-30)). Suppose 1801 = r*g - 4*g. Is g a composite number?
False
Let l(r) = -r**3 - 7*r**2 + 8*r - 3. Let v be l(-8). Is (36/8 - 1)/(v/(-498)) a prime number?
False
Let l(c) = c**3 + 17*c**2 - c + 2. Let q(r) = r**2 - 12*r + 9. Let o be q(10). Is l(o) a prime number?
True
Is -1 + -6 + 4406 - 8 prime?
True
Suppose 5*j + 10 = 0, 6*j = y + 2*j - 12687. Is y prime?
False
Suppose -55 = -3*z - 4*f, -2*z + f = z - 65. Let y = 2 + z. Is y prime?
True
Let j = 48633 - 29080. Is j prime?
True
Let q(k) = 176*k**2 - 2*k + 3. Is q(1) a prime number?
False
Let x be (-63)/(-35)*(-30)/(-9). Let k(r) = -9*r. Let s be k(-1). Is x/s - (-475)/3 composite?
True
Suppose 50470 = 51*k - 44033. Is k a prime number?
False
Let q = 6555 + -208. Is q prime?
False
Let d(i) = -1173*i + 14. Let y(p) = p - 18. Let j be y(8). Let f be d(j). Is 1/(-5) - f/(-20) a prime number?
True
Suppose 2*z + 3*z - 7 = 2*s, -s + 4 = 0. Suppose -7*v + z*n = -2*v - 17706, 0 = 3*v - 3*n - 10620. Is v a prime number?
False
Let p be (4/(-5))/((-4)/50). Let i(v) = 2*v - 15. Let x be i(p). Suppose l = -l + 2*y + 56, y = -x*l + 158. Is l a prime number?
True
Suppose -5*j + 87 = 32. Let n be j + (2 - 6) - 3. Suppose -3*l = -5*a + 2672, n*a - l = 3*a + 534. Is a a prime number?
False
Let h = -209 + 357. Suppose -h = -2*q - 3*o, -q = 4*q - o - 387. Is q a prime number?
False
Let s(u) = 17*u - 8. Let i be s(8). Let n = i + -37. Is n prime?
False
Let q(c) be the second derivative of c**4/4 - c**3/2 - c**2 + 4*c. Let n(b) be the first derivative of q(b). Is n(7) composite?
True
Let y(a) = 1792*a + 409. Is y(7) a composite number?
False
Let s(h) = 2*h**2 - 5*h - 11. Is s(6) a composite number?
False
Suppose 0 = -5*q + 14 - 24, -2*h - 4*q = -11270. Is h a prime number?
True
Let a(q) be the first derivative of -q**4/4 - 5*q**3/3 + q**2/2 + 11*q - 8. Let m be a(-7). Let n = 221 - m. Is n prime?
False
Let j(b) = b + 2. Let h be j(-4). Let f be (-3)/h*8/6. Suppose -5*y + 0*i + 4247 = -f*i, -3*i = -4*y + 3392. Is y composite?
True
Let o = 89 - 97. Let y(j) = j**3 + 17*j**2 - 6*j + 7. Is y(o) composite?
False
Suppose 0*q + 80 = -4*q - 4*f, -5*f + 125 = -4*q. Let a be 10/q - (-34)/10. Suppose -2*b = a*b + t - 73, 5*b = 2*t + 64. Is b a composite number?
True
Suppose -560 = -3*d - d. Suppose 22*c = 24*c - d. Let l = c - 5. Is l a composite number?
True
Suppose -25 - 455 = -10*q. Is (-165)/2*(-32)/q a prime number?
False
Let g(x) = x**3 - 19*x**2 + 38*x - 53. Is g(25) composite?
True
Suppose 11*h + 62286 = 681707. Is h prime?
True
Let j = -41453 - -70512. Is j composite?
False
Suppose 0 = x + 27*z - 24*z - 55322, 221248 = 4*x + 4*z. Is x prime?
False
Suppose 3*w - 4*w = 8. Let z be (-1 - -1)/(w - -6). Suppose 2*r + r - 831 = z. Is r prime?
True
Let i(g) = -1357*g - 174. 